rime factors of o(h).
2, 3
Let c be ((-2)/(-2))/(-4*(-1)/(-8)). What are the prime factors of 2*((-151)/c - -4)?
3, 53
List the prime factors of (-1066)/(-10) + (3 - (-108)/(-30)).
2, 53
Suppose 6 + 9 = 5*k. What are the prime factors of 134/k*(-6)/(-4)?
67
Let f be 3 + 0 - 5 - 4. Let t be 2/f - 17/3. Let x = t + 10. List the prime factors of x.
2
Let i(g) be the first derivative of 10*g**2 + 4. Let y(s) = -s - 1. Let p be y(-2). What are the prime factors of i(p)?
2, 5
Let y be 2211/21 - 2/7. Suppose 3*b = 4*r + 166 - 56, -3*b + 3*r + y = 0. What are the prime factors of (16/10)/(2/b)?
2, 3
Suppose 4 = r - 6. Suppose 2*n = 2 + r. Suppose -108 = -0*q - n*q. List the prime factors of q.
2, 3
Suppose 4*w - 224 = 4*s, -s = 2*w + w - 164. What are the prime factors of w?
5, 11
Suppose 3*n + 22 = 5*k, -n + k - 3*k - 11 = 0. Let l be (n/((-45)/(-80)))/(-1). Let p(b) = b**2 - 10*b - 32. What are the prime factors of p(l)?
2
Let o = 637 + -72. List the prime factors of o.
5, 113
Suppose 4*j = -5*g + 5391, -2*j = -g + 6*g - 5383. What are the prime factors of g?
5, 43
Let b(f) = f**2 - 8*f + 24. Let v be b(8). What are the prime factors of -1 - -152 - v/8?
2, 37
Suppose -2*h - 2*m + 3985 = 299, m - 3683 = -2*h. List the prime factors of h.
2, 5, 23
Suppose 3*i - 21 = 66. Suppose q = -4*l + 66, -q + 17 + i = -l. Suppose 2*g = -4*j + 7*g + 49, 5*j = 4*g + q. What are the prime factors of j?
2, 3
Let l(f) = -8*f**3 + 3*f**2 + 7*f + 3. Let x = -41 - -38. Let q be l(x). Suppose -3*p + 5*s - s + q = 0, -p + 5*s + 75 = 0. What are the prime factors of p?
3, 5
Let d be (-6)/(-12)*0/(-3). List the prime factors of (50 - -2) + d - 2.
2, 5
Let j = 830 + -642. What are the prime factors of j?
2, 47
Suppose -10*g = -6*g. Suppose g*y + 5*y + 2*k - 89 = 0, -4*y = k - 70. What are the prime factors of y?
17
Let i(y) = y**3 + 2*y**2 - 15309. Let c be i(0). List the prime factors of 4/(-10) - c/135.
113
Let n = -179 - -186. List the prime factors of n.
7
Suppose -26*r = 5*r - 22444. List the prime factors of r.
2, 181
Suppose 3*s - 9 = -0*s. Let q = 5 - s. List the prime factors of -20*(2 + (-5)/q).
2, 5
Let w = -2 - -5. Let n be (-213)/(-12) + 2/16*2. Suppose -117 = -w*s - n. What are the prime factors of s?
3, 11
Let p(q) be the first derivative of -3*q**4/4 - q**3 - q**2 + 6*q - 24. List the prime factors of p(-5).
2, 79
Suppose -542 = 5*d - 9117. What are the prime factors of d?
5, 7
Let n(h) = 2*h**2 + 79*h - 234. List the prime factors of n(-43).
67
Let j(f) = f**2 - 11*f + 8. Let v be j(8). Let q be 1/(4/v)*-21. Suppose q = 5*m + 14. What are the prime factors of m?
2, 7
Suppose -9 - 3 = -4*s. Let p(t) = t + 12. Let l be p(0). Let q = l + s. List the prime factors of q.
3, 5
Let t(z) = 8*z - 67. Let o be t(9). Suppose -3*g - 3*v = g - 264, -4*g + o*v = -232. List the prime factors of g.
3, 7
Let a(h) be the third derivative of -h**5/60 - 5*h**4/24 + h**3 - h**2. Suppose -14 + 4 = -2*y + 4*u, 0 = -y + 5*u + 20. What are the prime factors of a(y)?
2, 3
Let i(y) = y + 47. What are the prime factors of i(-18)?
29
Let n(w) = w**3 + 5*w**2 - 2*w - 10. Let v be n(-5). Suppose 5*k + 13 - 38 = v. Suppose 2*c - 150 = -4*p, c - k*p = -3*c + 287. List the prime factors of c.
73
Let f(a) = -a**3 + 19*a**2 - 17*a - 20. What are the prime factors of f(11)?
761
Suppose -626 = -30*p + 28*p. List the prime factors of p.
313
Let b(f) = 7*f**3 + 4*f**2 - 2*f. List the prime factors of b(4).
2, 3, 7
Let u(c) = -93*c - 19. Let s be u(-5). Let h = -248 + s. What are the prime factors of h?
2, 3, 11
Let u = 423 + -416. Let i be (-106)/4*6/(-1). List the prime factors of i/12 - u/28.
13
Suppose 0 = 24*p - 16203 - 8349. What are the prime factors of p?
3, 11, 31
Let p(g) be the first derivative of 7*g**2/2 - 3*g + 1. Let z(f) = f + 1. Let l be z(2). List the prime factors of p(l).
2, 3
Let j = -24 - -64. Let i be (-2)/5 + 96/j. Suppose -i*s - 3*s = -30. What are the prime factors of s?
2, 3
Let w = 102 - 96. Suppose -183 - 45 = -w*o. List the prime factors of o.
2, 19
Let j(n) = -3*n**3 - 3*n**2 + 4*n + 9. Let i be j(-3). Let u = i - 35. List the prime factors of u.
2
Let x(p) = 3*p**2 + 3*p + 5. Let j be 1/(1*(-3)/15). Let t be x(j). Suppose 10*w - 5*w = t. List the prime factors of w.
13
Let d(b) be the first derivative of -b**4/4 - 5*b**3/3 + 11*b**2/2 - 5*b + 21. What are the prime factors of d(-8)?
3, 11
Let a = -400 - -2170. What are the prime factors of a?
2, 3, 5, 59
Suppose 2*c - 20 = x - 2*x, -4*c = 3*x - 60. What are the prime factors of -1*(-2 + -22)*x/12?
2, 5
Let j(d) = 10*d - 15. Let o be (6*1/10)/((-4)/(-140)). List the prime factors of j(o).
3, 5, 13
Let z(y) = y**3 + 9*y**2 + 10*y + 2. Suppose j + 7 + 1 = 0. Let p = j - -1. What are the prime factors of z(p)?
2, 3, 5
Let f(s) = 13*s**2 - 8*s - 33. List the prime factors of f(-5).
2, 83
Let u = -364 - -176. Let y = -89 - u. List the prime factors of y.
3, 11
What are the prime factors of (56/(-8) - -8)*1597?
1597
What are the prime factors of -2149*(2 + (-180)/63)?
2, 3, 307
Let u = -27 + 29. List the prime factors of u.
2
Let y(j) = j**3 - 26*j**2 + 32*j - 63. Let x be y(25). Let d = 168 + x. List the prime factors of d.
2, 5, 7
Suppose -2*b + 1320 = b. Suppose 8*h = 4*h + b. What are the prime factors of h?
2, 5, 11
Let u(r) = 2*r**2 + 10*r - 9. Let x be u(-6). Suppose 4*v = -x*h + 49 + 83, 0 = 3*v. List the prime factors of h.
2, 11
Let a(u) = -u + 13. Let o be a(9). Let l(v) = 6*v**3 - 3*v**2 + 5. Let n be l(2). Suppose -127 - n = -o*h. List the prime factors of h.
2, 3, 7
Let i = 28 - 19. Suppose -i = 4*y + 15. List the prime factors of y/9 - 77/(-3).
5
Let h = 553 + -195. Suppose 5*t - 222 = h. List the prime factors of t.
2, 29
Let w be (24/15)/((-2)/275). Let x = -117 - w. What are the prime factors of x?
103
Let x(v) = 118*v - 14. What are the prime factors of x(18)?
2, 5, 211
Let w = -77 + 82. Suppose -w*n = -432 - 493. What are the prime factors of n?
5, 37
Let x(a) = -a**3 + 16*a**2 - 10*a - 15. Let y(m) = 40*m - 12. Let c be y(-7). Let u be c/(-20) + (-8)/(-20). What are the prime factors of x(u)?
2, 3, 5
Let u be ((2 - 2)/(-2))/2. Suppose 0 = 2*z + 6, -4*j - 2*z - 3*z = 39. Let w = u - j. List the prime factors of w.
2, 3
Suppose -c - 95 = -2*c. Suppose 5*x - 40 = c. List the prime factors of x.
3
Suppose 2*u - a = 3*a + 34, -5*u + 121 = -a. Suppose 2*c - 5 = u. List the prime factors of c.
3, 5
Let i(u) = -u**2 - 11*u + 52. What are the prime factors of i(-12)?
2, 5
Suppose 0*n - 895 = -5*n. Let z = -116 + n. What are the prime factors of z?
3, 7
Suppose 3*o = 4*i + 1405, -15*o = -17*o - i + 944. What are the prime factors of o?
3, 157
Suppose 5*f - 134 = -m, -4*f - 5*m + 116 = -2*m. Suppose k - 30 = -f. List the prime factors of k.
2
Let p(o) = -2*o - 17*o**2 + 3 - 7 + 18*o**2. Let m be p(4). List the prime factors of (-2 + m)/(4/26).
13
Let x(r) = r**3 - 10*r**2 + 6. Let g be (-3 + 8 - 4)/(2/22). List the prime factors of x(g).
127
Suppose 14*q - 9397 = 515. What are the prime factors of q?
2, 3, 59
Let s(i) = -i - 12. Let p be s(-14). Suppose 4*t + 53 = k, p*k + 3*k - t = 208. List the prime factors of k.
41
Suppose x + 1 = 0, 121 = r - x - 308. What are the prime factors of (-4)/1 - 1/((-2)/r)?
2, 3, 5, 7
Suppose -800 = -5*z + 200. What are the prime factors of z?
2, 5
Let a = 131 - 126. Suppose a*c - 711 = 319. What are the prime factors of c?
2, 103
Let u = -151 - -156. Suppose -2*z - u*r + 30 = 0, -3*z - r - 2*r + 36 = 0. What are the prime factors of z?
2, 5
Let p(y) = y**2 + y - 38. Let c be p(14). Let o = c - 67. List the prime factors of o.
3, 5, 7
Let g(i) = -4*i + 2. Let u(w) = -9*w + 4. Let c(t) = 13*g(t) - 6*u(t). Let r(f) = f + 3. Let p be r(9). What are the prime factors of c(p)?
2, 13
Suppose 0*g = 4*c - g - 1604, 1604 = 4*c - 4*g. What are the prime factors of c?
401
Suppose 3*q + 0 = 3, 0 = -3*g - q + 13. Suppose -h - 18 = g*x, 2*h - 4*h = 3*x + 16. List the prime factors of 16 + (-1)/h*6.
19
Let j(a) = -2*a**2 + 10*a - 2. Let i be j(5). List the prime factors of (-46*i/6)/(3/9).
2, 23
Suppose -2058 = -10*q + 1062. What are the prime factors of q?
2, 3, 13
Let n(i) = -i - 24. Let j(f) = -f - 24. Let x(p) = -4*j(p) + 3*n(p). List the prime factors of x(19).
43
What are the prime fact